2484557 (base 9) to base 5.
321324224
Convert -168815 (base 12) to base 15.
-7a07b
Convert 30401421 (base 5) to base 9.
415867
Convert -1202010121122 (base 3) to base 10.
-927737
What is -1a678 (base 14) in base 8?
-203102
Convert -11a7b (base 15) to base 7.
-323222
-831640 (base 9) to base 14
-cbad8
381875 (base 12) to base 9
1644558
What is 13464031 (base 7) in base 12?
508a7a
What is 1371266 (base 9) in base 14?
15945c
What is 13321011222 (base 4) in base 5?
1012200332
-10011011011001101 (base 2) to base 12
-3a065
410623 (base 7) to base 9
115841
1576751 (base 11) to base 13
731760
What is 402541551 (base 6) in base 4?
122021321023
What is 54c3b (base 13) in base 12?
74b1b
What is 158454 (base 13) in base 8?
2017703
Convert -c9a212 (base 14) to base 6.
-402200412
Convert -111010321 (base 5) to base 8.
-1663336
Convert 24656 (base 12) to base 11.
34061
Convert 112033322212 (base 4) to base 7.
100400650
What is -830d25 (base 16) in base 5?
-4144313311
10224022201 (base 5) to base 14
1603c80
What is -2031010443 (base 5) in base 10?
-4156998
What is -212245111 (base 7) in base 3?
-212202211210221
-242031042 (base 5) to base 6
-40053410
-377242 (base 8) to base 6
-2445110
Convert -315323 (base 12) to base 10.
-776331
Convert 1023312131 (base 4) to base 13.
ab54b
63a316 (base 12) to base 5
400313210
Convert 5b287 (base 13) to base 15.
34916
Convert 102110302102 (base 4) to base 10.
4803730
Convert -528a46 (base 13) to base 7.
-22300211
Convert -10331011212 (base 5) to base 10.
-11188307
What is -12200340 (base 5) in base 13?
-40897
What is -5440661 (base 7) in base 6?
-22132342
-1ab499 (base 14) to base 4
-3220223333
What is -212212220210 (base 3) in base 9?
-785823
Convert 221000121010 (base 3) to base 2.
1111000001111011110
Convert 10603165 (base 8) to base 5.
1041423123
Convert 384152 (base 9) to base 11.
1498a7
46bc3 (base 16) to base 2
1000110101111000011
-1130403241 (base 5) to base 14
-4b63a7
What is -1468d (base 16) in base 13?
-2c087
-18c77c (base 13) to base 9
-1155605
Convert 1331320013 (base 4) to base 13.
1508ab
-36151a (base 11) to base 2
-10001011111000011100
1010010000110111001100 (base 2) to base 15
3822c3
-12816022 (base 9) to base 2
-11000001001001101101110
Convert 1040300140 (base 5) to base 4.
20223123211
What is -80c3c (base 14) in base 2?
-1001011100111100110
Convert d048 (base 16) to base 13.
1b367
-120002122303 (base 4) to base 6
-343020551
Convert 14413305 (base 6) to base 2.
1111010000000001001
-137a3b (base 15) to base 3
-1202121120102
Convert -2212200011 (base 3) to base 9.
-85604
What is -10100000000001001011 (base 2) in base 6?
-22014231
Convert 100000101220 (base 3) to base 14.
48945
-2c7306a (base 13) to base 6
-1230500324
-120120 (base 4) to base 8
-3030
What is 2164120 (base 7) in base 8?
1013252
-603416 (base 8) to base 7
-1454316
1445312 (base 7) to base 11
124582
Convert -120013304 (base 5) to base 2.
-10000101110001110010
212331102 (base 4) to base 12
78416
2056232 (base 7) to base 9
420202
What is 1455511 (base 8) in base 16?
65b49
-1101000011101011111 (base 2) to base 13
-11c9a2
What is 4544000 (base 8) in base 15?
194a68
Convert 232300 (base 10) to base 12.
b2524
26325 (base 8) to base 14
427b
Convert 6857 (base 14) to base 8.
43275
Convert 34993 (base 13) to base 14.
27052
422123110 (base 5) to base 4
12230122130
Convert 112202102100 (base 3) to base 13.
a2282
What is 42410510 (base 6) in base 9?
2307626
What is 1220110001020 (base 3) in base 13?
295ba5
26a5c (base 14) to base 15
1d3ad
Convert 2363c8 (base 15) to base 8.
6350132
What is -109259 (base 10) in base 2?
-11010101011001011
22222211200 (base 3) to base 14
48730
5126320 (base 8) to base 3
2112211122201
Convert -1b584 (base 15) to base 2.
-10101101110100111
Convert 13430230044 (base 5) to base 13.
37c3731
10406445 (base 8) to base 11
1294698
Convert 256457 (base 13) to base 4.
3123203321
What is -210010121012220 (base 3) in base 14?
-16c4d9b
Convert 326142 (base 8) to base 14.
2bd74
What is -6ce60 (base 16) in base 15?
-8c268
Convert -1100010011110011 (base 2) to base 15.
-ee14
What is 614716 (base 8) in base 5?
23000324
1111100011110010100000 (base 2) to base 16
3e3ca0
Convert 20155021 (base 6) to base 16.
8c6f5
Convert -105005354 (base 7) to base 5.
-3111324242
What is -1465313 (base 7) in base 9?
-335835
5040467 (base 9) to base 4
22033032322
What is -2782182 (base 10) in base 12?
-b22086
-4a95a (base 11) to base 5
-4314103
What is -19a6ba7 (base 12) in base 7?
-64165243
-1521050 (base 7) to base 2
-110010100000010000
Convert 54331d (base 16) to base 6.
314134445
1010110000100101001 (base 2) to base 15
6e6d8
What is a9aa0 (base 16) in base 13?
1b4413
31a3579 (base 12) to base 8
43736555
What is -2c49cb (base 14) in base 8?
-5722367
What is 151551201 (base 6) in base 12?
108b501
Convert 329507 (base 12) to base 3.
1111212012221
-102121112232 (base 4) to base 15
-653d16
Convert -5641546 (base 7) to base 6.
-22553321
What is 324125204 (base 6) in base 14?
aac7c0
Convert -5141435 (base 6) to base 2.
-111100001101011111
Convert -210466405 (base 7) to base 11.
-7025149
Convert -1645431 (base 11) to base 8.
-12543624
Convert 4160120 (base 7) to base 10.
501872
20000122021001 (base 3) to base 14
5d48b3
What is -1303646 (base 7) in base 8?
-512723
-100010010110000101000 (base 2) to base 9
-2104702
-110201112201002 (base 3) to base 14
-c803d4
Convert 44d09 (base 15) to base 8.
653466
What is -116542 (base 10) in base 3?
-12220212101
Convert -11000000100100111101 (base 2) to base 11.
-4996a9
What is -78643 (base 14) in base 10?
-292099
What is -c573b6 (base 13) in base 2?
-10001100110100011010100
d63a7b (base 14) to base 2
11011100101101111111101
31412115 (base 6) to base 14
19d075
What is -135130450 (base 6) in base 14?
-51d6b4
Convert -31345025 (base 6) to base 13.
-260c72
What is 23533404 (base 6) in base 5?
142242104
-66187 (base 9) to base 4
-22231330
-cd2fa (base 16) to base 15
-119047
Convert 3bcc3 (base 16) to base 10.
244931
What is 318821 (base 9) in base 6?
4024331
What is 400378 (base 11) in base 7?
5323311
What is c564a (base 15) in base 16?
98c83
-122200111021212 (base 3) to base 8
-43664320
100852 (base 9) to base 12
2a6a8
Convert -7a8771 (base 11) to base 12.
-51b9b8
What is -351522213 (base 6) in base 12?
-2229369
Convert 113350550 (base 6) to base 15.
2c0e93
Convert 1100011101110000 (base 2) to base 6.
1032212
Convert -1644683 (base 10) to base 4.
-12101202023
954cc1 (base 14) to base 2
10011001111111011101001
26cb51 (base 13) to base 8
3460241
-2bee1 (base 16) to base 15
-384ac
What is aac32 (base 14) in base 9?
700805
302113021 (base 4) to base 5
23100111
What is -5b4496 (base 14) in base 10?
-3123588
What is -1202101202020 (base 3) in base 11?
-587a25
-aa178 (base 11) to base 8
-470266
Convert -2faf05 (base 16) to base 14.
-5b4bc1
What is -10026220 (base 7) in base 16?
-cac33
What is -138019b (base 13) in base 7?
-103303542
387519 (base 13) to base 6
45041513
Convert -1827944 (base 10) to base 3.
-10102212110122
What is -910027 (base 15) in base 14?
-cb31a5
8555 (base 9) to base 4
1202033
-10001222012 (base 3) to base 4
-32301011
33d32 (base 15) to base 11
102a45
-148363 (base 14) to base 10
-714115
What is 320b8 (base 12) in base 15?
1476e
Convert 16077741 (base 8) to base 14.
6c5585
-797173 (base 13) to base 12
-b65a7a
What is -5124152 (base 6) in base 4?
-323231210
5559976 (base 10) to base 14
a4a332
What is -14aa67 (base 12) in base 11?
-21a435
Convert -12125 (base 13) to base 4.
-20012003
2241313 (base 9) to base 2
100100110111110010000
Convert -10001011000100110101001 (base 2) to base 4.
-101120212221
406036 (base 10) to base 2
1100011001000010100
Convert 13687 (base 13) to base 7.
210523
What is -1a576 (base 12) in base 11?
-27197
Convert 1c86b (base 15) to base 2.
10110101101100010
-2044756 (base 10) to base 5
-1010413011
Convert 1042302403 (base 6) to base 10.
11314659
Convert 25251242 (base 6) to base 9.
1472578
-ccb9a1 (base 13) to base 2
-10010011001110000000011
Convert -12011001102 (base 3) to base 13.
-371a8
What is -2a8673 (base 14) in base 16?
-16a11d
36400414 (base 7) to base 10
3243958
14013420 (base 8) to base 3
12221010020010
What is 101110011020 (base 3) in base 11?
1305a3
418308 (base 16) to base 12
1530720